{"id":1186,"date":"2022-11-04T09:06:02","date_gmt":"2022-11-04T09:06:02","guid":{"rendered":"https:\/\/www.r2f-services.fr\/?page_id=1186"},"modified":"2024-04-22T07:29:19","modified_gmt":"2024-04-22T07:29:19","slug":"accueil","status":"publish","type":"page","link":"https:\/\/www.r2f-services.fr\/?page_id=1186","title":{"rendered":"Accueil"},"content":{"rendered":"<p style=\"text-align: center;\"><strong>Au service des professionnels, des collectivit\u00e9s et des particuliers, dans le domaine de la climatisation, du chauffage et des \u00e9nergies renouvelables, nous mettons notre savoir-faire \u00e0 votre service \u00e0 chaque \u00e9tape de votre projet.<\/strong><\/p>\n<p><img loading=\"lazy\" decoding=\"async\" class=\"alignnone size-medium wp-image-1171\" src=\"https:\/\/www.r2f-services.fr\/wp-content\/uploads\/2022\/11\/5fbc744b9d964568b1156ccbd27d11bb-1920w-300x210.webp\" alt=\"\" width=\"300\" height=\"210\" srcset=\"https:\/\/www.r2f-services.fr\/wp-content\/uploads\/2022\/11\/5fbc744b9d964568b1156ccbd27d11bb-1920w-300x210.webp 300w, https:\/\/www.r2f-services.fr\/wp-content\/uploads\/2022\/11\/5fbc744b9d964568b1156ccbd27d11bb-1920w-768x537.webp 768w, https:\/\/www.r2f-services.fr\/wp-content\/uploads\/2022\/11\/5fbc744b9d964568b1156ccbd27d11bb-1920w.webp 908w\" sizes=\"(max-width: 300px) 100vw, 300px\" \/><img loading=\"lazy\" decoding=\"async\" class=\"alignnone size-medium wp-image-1172\" src=\"https:\/\/www.r2f-services.fr\/wp-content\/uploads\/2022\/11\/233743884bfa4f65bb4c4c62546bad33-1920w-300x115.webp\" alt=\"\" width=\"300\" height=\"115\" srcset=\"https:\/\/www.r2f-services.fr\/wp-content\/uploads\/2022\/11\/233743884bfa4f65bb4c4c62546bad33-1920w-300x115.webp 300w, https:\/\/www.r2f-services.fr\/wp-content\/uploads\/2022\/11\/233743884bfa4f65bb4c4c62546bad33-1920w.webp 603w\" sizes=\"(max-width: 300px) 100vw, 300px\" \/><\/p>\n<p>&nbsp;<\/p>\n","protected":false},"excerpt":{"rendered":"<p>Au service des professionnels, des collectivit\u00e9s et des particuliers, dans le domaine de la climatisation, du chauffage et des \u00e9nergies renouvelables, nous mettons notre savoir-faire \u00e0 votre service \u00e0 chaque \u00e9tape de votre projet. &nbsp;<\/p>\n","protected":false},"author":1,"featured_media":0,"parent":0,"menu_order":0,"comment_status":"closed","ping_status":"closed","template":"","meta":{"saved_in_kubio":false,"footnotes":""},"class_list":["post-1186","page","type-page","status-publish","hentry"],"kubio_ai_page_context":{"short_desc":"","purpose":"general"},"_links":{"self":[{"href":"https:\/\/www.r2f-services.fr\/index.php?rest_route=\/wp\/v2\/pages\/1186","targetHints":{"allow":["GET"]}}],"collection":[{"href":"https:\/\/www.r2f-services.fr\/index.php?rest_route=\/wp\/v2\/pages"}],"about":[{"href":"https:\/\/www.r2f-services.fr\/index.php?rest_route=\/wp\/v2\/types\/page"}],"author":[{"embeddable":true,"href":"https:\/\/www.r2f-services.fr\/index.php?rest_route=\/wp\/v2\/users\/1"}],"replies":[{"embeddable":true,"href":"https:\/\/www.r2f-services.fr\/index.php?rest_route=%2Fwp%2Fv2%2Fcomments&post=1186"}],"version-history":[{"count":6,"href":"https:\/\/www.r2f-services.fr\/index.php?rest_route=\/wp\/v2\/pages\/1186\/revisions"}],"predecessor-version":[{"id":1205,"href":"https:\/\/www.r2f-services.fr\/index.php?rest_route=\/wp\/v2\/pages\/1186\/revisions\/1205"}],"wp:attachment":[{"href":"https:\/\/www.r2f-services.fr\/index.php?rest_route=%2Fwp%2Fv2%2Fmedia&parent=1186"}],"curies":[{"name":"wp","href":"https:\/\/api.w.org\/{rel}","templated":true}]}}